{"id":19,"date":"2011-05-31T10:49:46","date_gmt":"2011-05-31T10:49:46","guid":{"rendered":"http:\/\/127.0.0.1\/Nedani\/?page_id=19"},"modified":"2011-06-10T08:18:22","modified_gmt":"2011-06-10T08:18:22","slug":"amenagement-exterieur","status":"publish","type":"page","link":"https:\/\/www.terrassement06.com\/?page_id=19","title":{"rendered":"Am\u00e9nagement Ext\u00e9rieur"},"content":{"rendered":"<h5 style=\"text-align: justify;\"><strong>Pour vos am\u00e9nagements ext\u00e9rieurs<\/strong>, nous intervenons avec la m\u00eame qualit\u00e9 de r\u00e9alisation.<\/h5>\n<ul style=\"text-align: justify;\">\n<li>\n<h5>Cr\u00e9ation d\u2019espace ou de planches par recouvrement de gravier,<\/h5>\n<\/li>\n<li>\n<h5>Escaliers et voies d\u2019acc\u00e8s,<\/h5>\n<\/li>\n<li>\n<h5>R\u00e9alisation de terrasses, murs et murets,<\/h5>\n<\/li>\n<li>\n<h5>Cl\u00f4tures &amp; Portails&#8230;<\/h5>\n<\/li>\n<\/ul>\n<h5 style=\"text-align: justify;\">De la <strong>conception<\/strong> \u00e0 la <strong>r\u00e9alisation<\/strong>, notre ma\u00eetrise technique et nos conseils permettent des r\u00e9novations adapt\u00e9es \u00e0 vos go\u00fbts et \u00e0 votre budget.<br \/>\nNous sommes \u00e0 votre disposition pour tous vos projets.<\/h5>\n<h5 style=\"text-align: justify;\">Locaux industriels\u00a0:<\/h5>\n<ul style=\"text-align: justify;\">\n<li>\n<h5>Am\u00e9nagement ext\u00e9rieur<\/h5>\n<\/li>\n<li>\n<h5>Station de lavage<\/h5>\n<\/li>\n<\/ul>\n<h5 style=\"text-align: justify;\">N&rsquo;h\u00e9sitez pas a faire appel a nous.<\/h5>\n","protected":false},"excerpt":{"rendered":"<p>Pour vos am\u00e9nagements ext\u00e9rieurs, nous intervenons avec la m\u00eame qualit\u00e9 de r\u00e9alisation. Cr\u00e9ation d\u2019espace ou de planches par recouvrement de gravier, Escaliers et voies d\u2019acc\u00e8s, R\u00e9alisation de terrasses, murs et murets, Cl\u00f4tures &amp; Portails&#8230; De la conception \u00e0 la r\u00e9alisation, &hellip; <a href=\"https:\/\/www.terrassement06.com\/?page_id=19\">Continuer la lecture <span class=\"meta-nav\">&rarr;<\/span><\/a><\/p>\n","protected":false},"author":1,"featured_media":0,"parent":0,"menu_order":0,"comment_status":"open","ping_status":"open","template":"","meta":{"footnotes":""},"aioseo_notices":[],"_links":{"self":[{"href":"https:\/\/www.terrassement06.com\/index.php?rest_route=\/wp\/v2\/pages\/19"}],"collection":[{"href":"https:\/\/www.terrassement06.com\/index.php?rest_route=\/wp\/v2\/pages"}],"about":[{"href":"https:\/\/www.terrassement06.com\/index.php?rest_route=\/wp\/v2\/types\/page"}],"author":[{"embeddable":true,"href":"https:\/\/www.terrassement06.com\/index.php?rest_route=\/wp\/v2\/users\/1"}],"replies":[{"embeddable":true,"href":"https:\/\/www.terrassement06.com\/index.php?rest_route=%2Fwp%2Fv2%2Fcomments&post=19"}],"version-history":[{"count":10,"href":"https:\/\/www.terrassement06.com\/index.php?rest_route=\/wp\/v2\/pages\/19\/revisions"}],"predecessor-version":[{"id":204,"href":"https:\/\/www.terrassement06.com\/index.php?rest_route=\/wp\/v2\/pages\/19\/revisions\/204"}],"wp:attachment":[{"href":"https:\/\/www.terrassement06.com\/index.php?rest_route=%2Fwp%2Fv2%2Fmedia&parent=19"}],"curies":[{"name":"wp","href":"https:\/\/api.w.org\/{rel}","templated":true}]}}